 Let r(d) = 10*d**2 - 21*d - 34. Let c(y) = 3*y**2 - 7*y - 11. Let b(z) = -7*c(z) + 2*r(z). What is the units digit of b(x)?
1
Suppose -5*c + 0*z + 6 = 3*z, -8 = 5*c - 4*z. Suppose 3*w + 18 = -4*p - 2, 2*p - 2*w - 4 = c. What is the units digit of p/12 + 52/24?
2
What is the tens digit of 70*((-12)/8 - -2)?
3
Suppose -4*q - 3*i = 3, 2*i - i = -q - 2. Suppose -q + 1 = -v. Suppose 3*y - 25 = -v*y - 3*w, -w - 5 = 0. What is the units digit of y?
8
Suppose 5*f - 120 = -0*b + 3*b, -4*b = 4*f - 64. Suppose -f - 4 = -5*s. What is the units digit of s?
5
Let x = -94 + 131. What is the units digit of x?
7
Let s = 14 - -24. What is the tens digit of s?
3
Let r(h) = -12*h - 3. Suppose -2*c - 5*a = -6*c + 17, 1 = -3*c + a. Let v be r(c). Suppose 11 = y - 2*n, -2*y - v = -3*y + 4*n. What is the units digit of y?
1
Let j = 5 - 3. Let w = j - 0. Suppose 4*k + 5*m = 70, 0 = -5*k - w*m + 6*m + 67. What is the units digit of k?
5
Let h be 12*(-2)/(-20)*-10. Let o(s) = s**3 + 11*s**2 - 11*s + 13. What is the units digit of o(h)?
1
Let s be 56/6 - 8/(-12). Suppose s = -5*b - 0*b. What is the units digit of (-2)/(b*(-3)/(-12))?
4
Suppose 4*a + 5*w - 18 = 0, -16 + 4 = -a - 5*w. Suppose 5*l - 2 = 4*g, a*g + 4*l = -0*g + 12. What is the units digit of (g/3)/((-10)/(-135))?
9
Suppose 4*a = -4*d + 2*a, 4*d = 3*a. Suppose 0 = -d*f + f - 37. What is the units digit of f?
7
Suppose 0*j + 191 = j. What is the hundreds digit of j?
1
Suppose 0 = 4*r - 2*r - 8. What is the units digit of r?
4
Let n(k) be the third derivative of k**5/120 + 5*k**4/24 - k**3/3 - k**2. Let d(g) be the first derivative of n(g). What is the units digit of d(-4)?
1
What is the tens digit of 48/8*(-26)/(-4)?
3
Let c be (-3)/(-6) - (-28)/8. Suppose 3*p - 35 = c*j, -p - 4*j = 3*p. What is the units digit of p?
5
Let z(o) = -7 + 3*o - 4*o - 1 + 2. Let n be z(-12). Let r = n + -1. What is the units digit of r?
5
Suppose 559 = 12*k - 1385. What is the tens digit of k?
6
Let h = 8 + -5. Let s = 2 + h. What is the units digit of s?
5
Let y(t) = t**2 - 7*t + 9. Let a be y(6). Suppose -12 = -a*r + r. What is the units digit of r?
6
Suppose g + 144 = -4*n - 18, 5*n + 2*g = -204. What is the tens digit of (16/n)/(2/(-50))?
1
What is the units digit of (-146)/(-3)*(-21)/(-14)?
3
Let a be -4*((-6)/(-4) + -2). Suppose 0 = -r - a*z - z + 21, 3*z + 84 = 4*r. What is the tens digit of r?
2
Let m be (2/(-2))/(6/(-18)). What is the tens digit of m*5*(-15)/(-9)?
2
Suppose 4*r - 48 = 2*r. What is the tens digit of r?
2
Let f(g) = -13*g + 7. What is the tens digit of f(-1)?
2
Let y(b) = b + 1. Let d(x) = 2*x + 1. Let o(r) = 2*d(r) - 5*y(r). Let j be -4 + (-2)/(0 + 1). What is the units digit of o(j)?
3
Let f(c) be the first derivative of 3*c**5/5 - c**4/12 - c**3/6 + c**2/2 + 3*c + 2. Let d(n) be the first derivative of f(n). What is the tens digit of d(1)?
1
Suppose 5*s = -4*p - 23, -2*s - 10 = 6*p - 4*p. Let h be ((-6)/(-4))/(s/4). What is the units digit of h - 3/2*-2?
1
Suppose m + 4 - 7 = 0. Let j(v) = v**3 + 8*v**2 - 2. Let h be j(-8). Let c = m + h. What is the units digit of c?
1
Let c(q) = -q**2 + 5*q + 5. Let t be c(4). Suppose 0 = r - 4*r + t. Suppose r*j - 10 = 2. What is the units digit of j?
4
Let a be (-1)/3 + (-28)/(-12). Suppose -13 - 1 = -a*x. What is the units digit of x?
7
Let q(f) = -f**2 - 5*f + 9. What is the units digit of q(-5)?
9
What is the units digit of (-4)/(-4) - (-2 + -55)?
8
Suppose 13 + 57 = 2*k + q, k + 4*q = 35. What is the units digit of (-1*8)/2 + k?
1
Let o be (-1)/(-2)*(5 + 31). Let r = -7 - 3. Let m = r + o. What is the units digit of m?
8
Let u(l) = 2*l - 2. What is the tens digit of u(6)?
1
Let t(p) = -3*p. Let x be t(2). Let c(m) = -m - 3. Let n be c(x). Suppose -n*a + 29 = -k, 4*a - k - 29 = 9. What is the units digit of a?
9
Let h(v) = -v - 7. Let m be h(9). Let i = 27 + m. What is the units digit of i?
1
Let b = -3 + 5. Let p = b - 1. What is the units digit of p?
1
Suppose z + 1 = -3*m + 9, 2*m = -z + 11. What is the tens digit of z?
1
Suppose 0 = 4*m - 2*j - 60, 0 = -m - 0*j - j + 18. What is the tens digit of 2*m + 10 + -8?
3
Let n(y) = 9*y**2 - 5*y + 14. What is the units digit of n(4)?
8
Let h = 16 + -12. What is the units digit of h?
4
Let b(m) = -44*m**3 - m**2 - m. What is the units digit of b(-1)?
4
Let h be 27/4*(-2 + -2). Let k be 43/9 - 6/h. Let s(n) = -n**3 + 5*n**2 + 1. What is the units digit of s(k)?
1
Suppose 16 = -2*j + 6*j. Let g = 17 + -15. What is the units digit of 1*(11 - j/g)?
9
Let s = 128 - 89. Suppose 4*x = x + s. What is the tens digit of x?
1
Suppose 3*a - 14 = m - 1, -4 = -a. Let n be 0 - 2*(m + 0). Suppose 0 = -w + n*w - 1. What is the units digit of w?
1
Suppose -4*m - 56 = -216. Let s be m/15 - (-1)/3. What is the tens digit of (0 + 24)*s/6?
1
Let l(j) = j**3 - 7*j**2 + 4*j - 3. Let v be l(6). Let o = -11 - v. What is the units digit of ((-8)/(-5))/(o/10)?
4
Let y(w) = w**2 + 7*w + 9. Suppose 2 = a + 8. What is the units digit of y(a)?
3
Let h = -6 + 18. Let m be h/20 + 163/(-5). Let a = -14 - m. What is the tens digit of a?
1
Suppose 22 = 4*o - 30. Let l = -8 + o. What is the units digit of l?
5
Suppose 5*s + 32 = 2*g, 59 = 3*g + 2*g - 2*s. Let t = g - 7. Suppose 15 + 9 = t*l. What is the units digit of l?
6
Let o = -28 + 39. Let g(z) = o - 5*z**3 + z + 8*z**2 + 5*z**3 + z**3. What is the units digit of g(-8)?
3
Let p be (-1)/((3/(-6))/1). Suppose -p*v - 5 + 3 = 5*n, 0 = n. What is the units digit of (14 - 3) + (v - 0)?
0
Suppose h + 4*g + 9 - 3 = 0, -4*h + 2 = 3*g. Suppose -40 = -2*m + 4*p, m - h*p - 2*p = 12. What is the tens digit of m?
2
Let c = 382 - 86. What is the hundreds digit of c?
2
Suppose 146 = 2*s - 0*s. What is the tens digit of s?
7
Suppose 0 = -3*n + 8*n - 10. What is the units digit of n?
2
Suppose -3*d = -2*d - 2. Let x be 8/d*9/6. Suppose x*g - 24 = 2*g. What is the units digit of g?
6
Suppose -3*w + 2*w = -2. Let h(f) = 2*f**3 - 4*f + 3. What is the tens digit of h(w)?
1
Suppose 51 = 11*u - 26. What is the units digit of u?
7
Suppose 2*f - 147 = 3*v, 5*f = 4*v - v + 345. What is the tens digit of f?
6
Let p = 14 + -7. Let u(y) = -y**3 + 8*y**2 - 5*y + 5. Let k be u(p). Suppose -2*d - v + 29 = 0, v + k = 4*d - 2*d. What is the units digit of d?
2
Let s(r) = -r - 3. Let u be s(-6). Suppose -u*a + 37 = -56. What is the units digit of a?
1
What is the tens digit of (2 + 10/(-6))*(-2955)/(-5)?
9
Suppose 0 = -2*x + x + 6. Suppose x*r - 3*r = 135. Suppose 0 = s + 2*s - r. What is the tens digit of s?
1
What is the hundreds digit of -4 + 18/4 - 589/(-2)?
2
Suppose 5*m - 33 = 62. Let u = m + 9. Suppose 2*q - 2 = -g + 2, 0 = -4*g - 2*q + u. What is the units digit of g?
8
Suppose 3*n = -5*i + 3*i + 21, 5*n - 35 = -i. Suppose -2*s - n = 4*b - 75, 5*s - 198 = 4*b. What is the units digit of s?
8
Suppose -5*b + 10 = -0. Suppose -b*s = v + 12, 3*v + 0 + 27 = 3*s. What is the units digit of 5*(0 - 24/v)?
2
Let v = 6 + -2. Suppose -g = v*r - r - 42, -3*g + 6 = r. What is the tens digit of r?
1
Suppose 5*t + 3*v = 0, 2*t + v = 1 - 0. Let z = -8 + 6. Let n = t + z. What is the units digit of n?
1
Let y = -348 + 561. What is the hundreds digit of y?
2
Let y = 160 - 73. What is the units digit of 1/(177/y - 2)?
9
Suppose -19 = -4*q + 1. Suppose -3*z + 8*z = -5*x + q, 5*x - 5*z = -25. What is the tens digit of (-1)/((-4)/(-22))*x?
1
Let a = 82 + -47. What is the units digit of a?
5
Suppose o = 2*r - 4 - 4, -3*r + 23 = 4*o. Suppose -r*g + 11 = 1. What is the units digit of g?
2
Let d(v) = v**2 - 12*v - 22. What is the tens digit of d(-6)?
8
Let w = -123 - -211. What is the tens digit of w?
8
Suppose m - 32 = 3*a - 152, 2*m = -a + 47. What is the units digit of a?
1
Let s be (-4)/(-12) + 10/6. Let g(h) = 0*h - 5*h - s + 0 + h**2. What is the units digit of g(6)?
4
Let l(j) = -j**3 + 6*j**2 + j. Let g be l(6). Suppose 4*m + g = 2*q, -4 = q - 2*q + 3*m. What is the units digit of 0/(-1) - (q + -4)?
3
Let t(l) = l**3 + 17*l**2 - 4*l + 21. What is the units digit of t(-17)?
9
What is the hundreds digit of 2/(-2)*(6 - (-8 + 261))?
2
Suppose 0 = -l + 5*l - 3*w - 62, 4*w + 43 = 3*l. Let x = 14 + -9. Suppose -l - 3 = -x*i. What is the units digit of i?
4
Let j be 2 + 17 + -3 + 6. Suppose 53 + 12 = -5*w. Let r = w + j. What is the units digit of r?